{"id":229,"date":"2016-02-17T11:59:27","date_gmt":"2016-02-17T11:59:27","guid":{"rendered":"http:\/\/abdruk.home.pl\/autoinstalator\/wordpress\/?page_id=229"},"modified":"2021-11-22T14:26:20","modified_gmt":"2021-11-22T14:26:20","slug":"wielki-format","status":"publish","type":"page","link":"https:\/\/abdruk.home.pl\/autoinstalator\/wordpress\/?page_id=229","title":{"rendered":"Wielki format"},"content":{"rendered":"<p>Nowa drukarka HP Latex 700 z bia\u0142ym atramentem pozwala na nowe mo\u017cliwo\u015bci druku wielkoformatowego na materia\u0142ach przezroczystych, kolorowych i metalicznych. <br \/>Najbielsza biel doskonale pokrywa i nie \u017c\u00f3\u0142knie z czasem.<br \/>Elastyczne atramenty pomagaj\u0105 unikn\u0105\u0107 p\u0119kania podczas zginania kraw\u0119dzi, s\u0105 odporne na zarysowania. Mo\u017cna je bezproblemowo laminowa\u0107.<br \/>Urz\u0105dzenie pozwala wykorzysta\u0107 szerszy zakres materia\u0142\u00f3w do druku, przy zachowaniu jedynego w swoim rodzaju braku oddzia\u0142ywania technologii na \u015brodowisko. Dzi\u0119ki atramentom HP Latex na bazie wody drukowanie staje si\u0119 bezpieczniejsze dla zdrowia, a jednocze\u015bnie wydruki s\u0105 trwa\u0142e oraz odporne na dzia\u0142anie promieni UV i wody.<br \/>Po wyj\u015bciu z urz\u0105dzenia s\u0105 bezwonne i suche, nadaj\u0105 si\u0119 do bezpo\u015bredniej aplikacji.<\/p>\n\n\n<figure class=\"wp-block-image size-large\"><img loading=\"lazy\" decoding=\"async\" width=\"1024\" height=\"627\" src=\"https:\/\/abdruk.home.pl\/autoinstalator\/wordpress\/wp-content\/uploads\/2021\/11\/HP-Latex-700W-Front-1024x627.jpg\" alt=\"\" class=\"wp-image-656\" srcset=\"https:\/\/abdruk.home.pl\/autoinstalator\/wordpress\/wp-content\/uploads\/2021\/11\/HP-Latex-700W-Front-1024x627.jpg 1024w, https:\/\/abdruk.home.pl\/autoinstalator\/wordpress\/wp-content\/uploads\/2021\/11\/HP-Latex-700W-Front-300x184.jpg 300w, https:\/\/abdruk.home.pl\/autoinstalator\/wordpress\/wp-content\/uploads\/2021\/11\/HP-Latex-700W-Front-768x470.jpg 768w, https:\/\/abdruk.home.pl\/autoinstalator\/wordpress\/wp-content\/uploads\/2021\/11\/HP-Latex-700W-Front-1536x940.jpg 1536w, https:\/\/abdruk.home.pl\/autoinstalator\/wordpress\/wp-content\/uploads\/2021\/11\/HP-Latex-700W-Front.jpg 1658w\" sizes=\"auto, (max-width: 1024px) 100vw, 1024px\" \/><\/figure>\n","protected":false},"excerpt":{"rendered":"<p>Nowa drukarka HP Latex 700 z bia\u0142ym atramentem pozwala na nowe mo\u017cliwo\u015bci druku wielkoformatowego na materia\u0142ach przezroczystych, kolorowych i metalicznych. Najbielsza biel doskonale pokrywa i nie \u017c\u00f3\u0142knie z czasem.Elastyczne atramenty pomagaj\u0105 unikn\u0105\u0107 p\u0119kania podczas zginania kraw\u0119dzi, s\u0105 odporne na zarysowania. Mo\u017cna je bezproblemowo laminowa\u0107.Urz\u0105dzenie pozwala wykorzysta\u0107 szerszy zakres materia\u0142\u00f3w do druku, przy zachowaniu jedynego w &hellip; <a href=\"https:\/\/abdruk.home.pl\/autoinstalator\/wordpress\/?page_id=229\" class=\"more-link\">Czytaj dalej <span class=\"screen-reader-text\">Wielki format<\/span> <span class=\"meta-nav\">&rarr;<\/span><\/a><\/p>\n","protected":false},"author":1,"featured_media":0,"parent":0,"menu_order":0,"comment_status":"closed","ping_status":"closed","template":"","meta":{"footnotes":""},"class_list":["post-229","page","type-page","status-publish","hentry"],"_links":{"self":[{"href":"https:\/\/abdruk.home.pl\/autoinstalator\/wordpress\/index.php?rest_route=\/wp\/v2\/pages\/229","targetHints":{"allow":["GET"]}}],"collection":[{"href":"https:\/\/abdruk.home.pl\/autoinstalator\/wordpress\/index.php?rest_route=\/wp\/v2\/pages"}],"about":[{"href":"https:\/\/abdruk.home.pl\/autoinstalator\/wordpress\/index.php?rest_route=\/wp\/v2\/types\/page"}],"author":[{"embeddable":true,"href":"https:\/\/abdruk.home.pl\/autoinstalator\/wordpress\/index.php?rest_route=\/wp\/v2\/users\/1"}],"replies":[{"embeddable":true,"href":"https:\/\/abdruk.home.pl\/autoinstalator\/wordpress\/index.php?rest_route=%2Fwp%2Fv2%2Fcomments&post=229"}],"version-history":[{"count":9,"href":"https:\/\/abdruk.home.pl\/autoinstalator\/wordpress\/index.php?rest_route=\/wp\/v2\/pages\/229\/revisions"}],"predecessor-version":[{"id":658,"href":"https:\/\/abdruk.home.pl\/autoinstalator\/wordpress\/index.php?rest_route=\/wp\/v2\/pages\/229\/revisions\/658"}],"wp:attachment":[{"href":"https:\/\/abdruk.home.pl\/autoinstalator\/wordpress\/index.php?rest_route=%2Fwp%2Fv2%2Fmedia&parent=229"}],"curies":[{"name":"wp","href":"https:\/\/api.w.org\/{rel}","templated":true}]}}